digit of q?
1
Suppose -5*g = -5*o - 368 + 18, 5 = o. What is the units digit of (-16386)/(-15) - 30/g?
2
Suppose 1131 = 42*z + 291. What is the tens digit of (3104/(-20))/(((-32)/z)/8)?
7
Suppose -4*j - 5*m = -0*j + 28, -2*j - 8 = 4*m. Let o be 482/12 + j/72. Suppose -79 = -3*i + 5*f + o, -170 = -4*i + f. What is the tens digit of i?
4
What is the tens digit of 2/13 - (-381)/78*296?
4
Suppose 0 = -21*p - 14*p - 8*p + 283886. What is the thousands digit of p?
6
Let q be (-9*5/(-20))/((-1)/(-4)). Suppose -q = -2*g - 0*k + k, 5*k = 5*g - 30. Suppose g*d - 514 = 23. What is the hundreds digit of d?
1
Suppose 81*j = 55*j + 1359046. What is the units digit of j?
1
What is the ten thousands digit of (-12)/(-216)*18*33093?
3
Let j(z) = -55*z + 49. Let g(w) = 28*w - 25. Let p(u) = 5*g(u) + 3*j(u). Let x be p(-8). Let r = -97 + x. What is the units digit of r?
5
Let l(v) = -2*v**3 + 34*v**2 - 2*v + 22. Let n be l(12). Let m = -195 + n. What is the hundreds digit of m?
2
Suppose 4*n + 2*v + 0*v = 14, -15 = -5*n - 5*v. Suppose 3*i + 3*q + 27 = n*q, -5*q = i - 7. Let x(g) = 2*g**2 + 15*g + 3. What is the tens digit of x(i)?
1
Let g(w) = w**2 - w. Let y(s) = -7*s**2 + 4*s + 2. Let k(x) = -2*g(x) - y(x). Let t be k(-1). Suppose -52 = t*q - 842. What is the tens digit of q?
5
Suppose -5*x + 0*x = 4*z + 132, -3*z = 4*x + 106. Let i = 32 + x. Suppose 4*k - 43 = 3*m, 4*k + 9*m - i*m - 67 = 0. What is the tens digit of k?
1
Suppose 214793 = 5*c - 14*m + 17*m, -m = 5*c - 214781. What is the thousands digit of c?
2
Suppose -7*s + 128928 = -4*s. What is the units digit of (-2)/(-5) - s/(-160)?
9
Let n(k) be the third derivative of k**6/120 + 9*k**5/20 + k**4/12 + 50*k**3/3 - 4*k**2 - 10. What is the tens digit of n(-25)?
0
Let d(t) = 2220*t - 1356. What is the units digit of d(5)?
4
Let o be 1224/12 - (1 + -5). Let b = 153 - o. What is the tens digit of b?
4
Let y(z) be the first derivative of 8*z**3/3 + 6*z**2 + 5*z - 22. Let x be y(-4). Suppose 5*l = 550 + x. What is the hundreds digit of l?
1
Suppose 3*r - 19 = -4*l, 0*l - r + 8 = 3*l. Let j(z) = 2 + 22*z + 1 - z. What is the units digit of j(l)?
4
Let n = 47 + 228. Let b = 166 + n. What is the units digit of b?
1
Suppose i + 4*i + 5 = 0, -4*i = -3*b - 56. What is the units digit of 2/(-8) + -6 + (-2605)/b?
4
Let q be (-4134)/(-7) + (-18)/(-42). What is the hundreds digit of (-2 - (2 + 0)) + q?
5
Let f(a) = 4*a**3 + 2*a**2 + 18*a - 12. Let o be f(8). Suppose -7*z + 7355 = o. What is the hundreds digit of z?
7
Suppose 215572 + 2569721 + 437157 = 55*q. What is the units digit of q?
0
Suppose 3*l + 7*j - 34902 = 10*j, 0 = 3*l + 2*j - 34892. What is the units digit of l?
2
Let r be (-555)/(-2)*30*(-5)/(-45). Suppose 70*t - 71*t + r = 0. What is the tens digit of t?
2
Suppose -2*m + g + 194 = 0, m + 4*g = -4*m + 485. Let i = 39 - m. Let h = i - -98. What is the units digit of h?
0
Suppose s + 2*m - 9600 = 0, -29*m + 24*m = 5. What is the hundreds digit of s?
6
Let o = -11260 + 16865. Suppose -24*w = -5*w - o. What is the units digit of w?
5
Suppose -108*n = -103*n - 1585. Let p(r) = -38*r + 2. Let s be p(5). Let u = n + s. What is the units digit of u?
9
Suppose -178907 = -11*q + 280044 + 84064. What is the tens digit of q?
6
Let y be 2/(-13) + 164/52. Suppose n - y = -3. Suppose 0 = -2*q - 5*g + 155, n = 3*g - 5 - 10. What is the tens digit of q?
6
Let d be 117/(-6)*(-41 - 3/(-3)). Let g = -545 + d. What is the tens digit of g?
3
Let x(q) = 164*q**2 + 6*q - 31. Let h be x(-4). Suppose -5*a + h = 3*o, 0 = -o - 2*a + 1130 - 272. What is the tens digit of o?
4
Let d(c) = 101*c - 3274. What is the hundreds digit of d(50)?
7
Let t = 1132 - 1168. Suppose 0 = -3*c + 3*m - 108, -4*m + m = -4*c - 149. Let n = t - c. What is the units digit of n?
5
Suppose 57361 = 6*p - 3011. Suppose -p = -23*i - 3231. What is the hundreds digit of i?
2
Suppose 0*o = 3*u - 2*o + 648, 5*o + 1055 = -5*u. Let a = 505 - 203. Let z = u + a. What is the units digit of z?
8
Let p = -20086 - -36075. What is the tens digit of p?
8
Let x = 14 + -13. Let h be 14/8*(-40)/(-3 + x). What is the tens digit of 14/h - ((-146)/10 + 1)?
1
Suppose 7*l + 6 = -15. Let n be (-13)/l - ((-5)/(-15) + -1). Suppose -v = -n*f + 443, -v + 23 - 114 = -f. What is the tens digit of f?
8
Let t = -85 - -396. Suppose -t - 301 = -a. Suppose 4*q - a = -172. What is the units digit of q?
0
What is the ten thousands digit of ((-10)/6 - -1)/((-4)/(-6))*-29866?
2
What is the hundreds digit of 1 + (-1 - -4) + 2381*(-4 + 16)?
5
What is the ten thousands digit of ((-5746)/2)/(187/(-748))?
1
Suppose -z = -5*m, -z = m - 4*m - 2. What is the tens digit of (-30*4)/(m + (-145)/130)?
4
Let l(s) = -s**2 + 8*s - 5. Let t = 96 + -94. Let w be l(t). Let v(z) = 22*z + 5. What is the tens digit of v(w)?
5
Suppose 4*q + k = -3*k + 4, -4*q + k + 4 = 0. What is the tens digit of q/1*(290 + 0 + -4)?
8
Suppose -35*s = -604435 + 197735. What is the thousands digit of s?
1
Let t be (-3)/(-2 + 3) - 9/3. Let q = t - -16. Let z(a) = -a**3 + 13*a**2 - 11*a - 7. What is the units digit of z(q)?
3
Suppose -2*n = 3*k - 21 - 19, -k + 14 = n. Suppose -k*q - 1188 = -14*q. What is the tens digit of q?
9
Let u(g) = -2*g**2 - 27*g - 50. Let b be u(-12). What is the units digit of 6/(-3)*-521 + (b - -8)?
6
Let f = 2569 + -2641. Suppose 2*x + 5*u + 221 = 0, 0 = -3*x - 0*x - 3*u - 327. What is the units digit of f/x*(-327)/(-2)?
9
Let q(w) = 15*w**2 + 2*w + 1. Let o be 1*2 - 0*(-3)/(-6). Suppose -o*y - 4*g = 4, 2 = 5*y - 0*g + 4*g. What is the tens digit of q(y)?
6
Suppose 33*x = 39*x - 15024. What is the units digit of x/14 + (-8)/(-56)?
9
What is the thousands digit of -17 + (-1722)/(-105) + (-29358)/(-5)?
5
Let s = 247 - 241. What is the tens digit of 8*227 - (s - 1)?
1
Suppose 99*z + 328107 = 146*z. What is the units digit of z?
1
What is the tens digit of (-6 - (-829725)/100) + (-1)/4?
9
Suppose 3*p + 4*r = 18, 2*p = -5*r - 0 + 19. Suppose 0 = p*a - 283 - 295. What is the hundreds digit of a?
2
Let b be 0/(-1) - (-4 + -4364). Suppose -45*p = -33*p - b. What is the units digit of p?
4
Suppose -13*k + k + 16980 = 0. Suppose 20*b = 15*b + 5*h + k, -3*h - 1132 = -4*b. What is the units digit of b?
3
Let k(d) = 3*d**2 + 77*d - 71. Let i be k(-33). Let x = 1475 - i. What is the hundreds digit of x?
8
Let p(i) = -2*i. Let x be p(-2). Suppose 0 = -z - 345 + 614. Suppose 348 = 4*k - 0*k - x*q, 0 = -3*k - q + z. What is the units digit of k?
9
Let r(g) = -3715*g - 11723. What is the thousands digit of r(-9)?
1
Let y = -17 + 29. Suppose -y = -d - d. What is the units digit of 15/(-20)*(-16)/d + 53?
5
Suppose 3*h = 3, 0 = 5*c - 0*c + 5*h - 5. What is the tens digit of 730 + c + -1*9/3?
2
Let y = -74292 + 139117. What is the thousands digit of y?
4
Let w(p) = 6*p**2 - 185*p - 30. What is the tens digit of w(34)?
1
Let s = -185 - -259. Suppose 5022 = 15*b + 16*b. Let h = b - s. What is the tens digit of h?
8
Let r = 116 - 111. Suppose -15268 = -r*i - 2*o, -5*o + 9176 = -i + 4*i. What is the hundreds digit of 1/(4 - i/764)?
1
Let b(f) = 6*f + 3. Let x be b(0). Suppose 594 = -x*p + 9*p. What is the tens digit of 4/18 + 12749/p?
2
Let w(j) = 2*j - 2. Let s be w(3). Suppose s*i + 5*a - 655 = 4*a, -12 = -4*a. What is the hundreds digit of i?
1
Let q = -69155 - -123089. What is the ten thousands digit of q?
5
Suppose -3*d = 15*q - 20*q + 21226, -16976 = -4*q + 4*d. Let y = -2779 + q. What is the hundreds digit of y?
4
Suppose 2*k = 4*s - 344, -2*s - 3*s + k + 436 = 0. Let v = s + -90. What is the hundreds digit of -12*(-76)/6 - v?
1
Let i = 3178 - -9869. What is the tens digit of i?
4
Let n(j) = -14*j**2 + 4*j - 17. Let y be n(4). Let b = y + 748. Suppose b = 2*z + m, 2*z - 1312 = -3*z - 4*m. What is the tens digit of z?
6
Let v = -456 + 861. What is the units digit of 19*-4*(4 - v/36)?
1
Suppose 39879 + 82594 = 15*h - 9482. What is the hundreds digit of h?
7
Suppose 0 = 103*j - 104*j - 3. Let f(x) = -2*x + 4*x - 3*x**2 - 7*x**3 - 3 - x. What is the units digit of f(j)?
6
Let t(a) = a**3 + 11*a**2 - a - 9. Suppose 40*h - 36*h = -32. What is the units digit of t(h)?
1
Suppose 201263 = 140*o - 505037. What is the tens digit of o?
4
Let m = 706 - 368. Let p = m + 291. What is the tens digit of p?
2
Let d(p) be the first derivative of 